{"id":550,"date":"2017-11-27T20:38:32","date_gmt":"2017-11-27T19:38:32","guid":{"rendered":"http:\/\/orcq.be\/histoire\/wp-content\/uploads\/sites\/2\/2017\/11\/engag\u00e9s-volontaires-\u00e0-Aubusson.jpg"},"modified":"2017-11-27T21:07:18","modified_gmt":"2017-11-27T20:07:18","slug":"engages-volontaires-a-aubusson","status":"inherit","type":"attachment","link":"https:\/\/orcq.be\/histoire\/2018\/01\/19\/combattants-dorcq-de-guerre-14-18\/engages-volontaires-a-aubusson\/","title":{"rendered":"engag\u00e9s volontaires \u00e0 Aubusson"},"author":2,"featured_media":0,"comment_status":"open","ping_status":"closed","template":"","meta":{"_monsterinsights_skip_tracking":false,"_monsterinsights_sitenote_active":false,"_monsterinsights_sitenote_note":"","_monsterinsights_sitenote_category":0},"class_list":["post-550","attachment","type-attachment","status-inherit","czr-hentry"],"yoast_head":"<!-- This site is optimized with the Yoast SEO plugin v27.5 - https:\/\/yoast.com\/product\/yoast-seo-wordpress\/ -->\n<title>engag\u00e9s volontaires \u00e0 Aubusson &#8226; ORCQ.be - L&#039;Histoire<\/title>\n<meta name=\"robots\" content=\"index, follow, max-snippet:-1, max-image-preview:large, max-video-preview:-1\" \/>\n<link rel=\"canonical\" href=\"https:\/\/orcq.be\/histoire\/wp-content\/uploads\/sites\/2\/2017\/11\/engag\u00e9s-volontaires-\u00e0-Aubusson.jpg\" \/>\n<meta property=\"og:locale\" content=\"fr_FR\" \/>\n<meta property=\"og:type\" content=\"article\" \/>\n<meta property=\"og:title\" content=\"engag\u00e9s volontaires \u00e0 Aubusson &#8226; ORCQ.be - L&#039;Histoire\" \/>\n<meta property=\"og:url\" content=\"https:\/\/orcq.be\/histoire\/wp-content\/uploads\/sites\/2\/2017\/11\/engag\u00e9s-volontaires-\u00e0-Aubusson.jpg\" \/>\n<meta property=\"og:site_name\" content=\"ORCQ.be - L&#039;Histoire\" \/>\n<meta property=\"article:publisher\" content=\"https:\/\/www.facebook.com\/villageorcq\" \/>\n<meta property=\"article:modified_time\" content=\"2017-11-27T20:07:18+00:00\" \/>\n<meta property=\"og:image\" content=\"https:\/\/orcq.be\/histoire\/wp-content\/uploads\/sites\/2\/2017\/11\/engag\u00e9s-volontaires-\u00e0-Aubusson.jpg\" \/>\n\t<meta property=\"og:image:width\" content=\"500\" \/>\n\t<meta property=\"og:image:height\" content=\"317\" \/>\n\t<meta property=\"og:image:type\" content=\"image\/jpeg\" \/>\n<meta name=\"twitter:card\" content=\"summary_large_image\" \/>\n<script type=\"application\/ld+json\" class=\"yoast-schema-graph\">{\"@context\":\"https:\\\/\\\/schema.org\",\"@graph\":[{\"@type\":\"WebPage\",\"@id\":\"https:\\\/\\\/orcq.be\\\/histoire\\\/wp-content\\\/uploads\\\/sites\\\/2\\\/2017\\\/11\\\/engag\u00e9s-volontaires-\u00e0-Aubusson.jpg\",\"url\":\"https:\\\/\\\/orcq.be\\\/histoire\\\/wp-content\\\/uploads\\\/sites\\\/2\\\/2017\\\/11\\\/engag\u00e9s-volontaires-\u00e0-Aubusson.jpg\",\"name\":\"engag\u00e9s volontaires \u00e0 Aubusson &#8226; ORCQ.be - L&#039;Histoire\",\"isPartOf\":{\"@id\":\"https:\\\/\\\/orcq.be\\\/histoire\\\/#website\"},\"datePublished\":\"2017-11-27T19:38:32+00:00\",\"dateModified\":\"2017-11-27T20:07:18+00:00\",\"breadcrumb\":{\"@id\":\"https:\\\/\\\/orcq.be\\\/histoire\\\/wp-content\\\/uploads\\\/sites\\\/2\\\/2017\\\/11\\\/engag\u00e9s-volontaires-\u00e0-Aubusson.jpg#breadcrumb\"},\"inLanguage\":\"fr-FR\",\"potentialAction\":[{\"@type\":\"ReadAction\",\"target\":[\"https:\\\/\\\/orcq.be\\\/histoire\\\/wp-content\\\/uploads\\\/sites\\\/2\\\/2017\\\/11\\\/engag\u00e9s-volontaires-\u00e0-Aubusson.jpg\"]}]},{\"@type\":\"BreadcrumbList\",\"@id\":\"https:\\\/\\\/orcq.be\\\/histoire\\\/wp-content\\\/uploads\\\/sites\\\/2\\\/2017\\\/11\\\/engag\u00e9s-volontaires-\u00e0-Aubusson.jpg#breadcrumb\",\"itemListElement\":[{\"@type\":\"ListItem\",\"position\":1,\"name\":\"Accueil\",\"item\":\"https:\\\/\\\/orcq.be\\\/histoire\\\/\"},{\"@type\":\"ListItem\",\"position\":2,\"name\":\"Combattants d&rsquo;Orcq de la guerre 14-18\",\"item\":\"https:\\\/\\\/orcq.be\\\/histoire\\\/2018\\\/01\\\/19\\\/combattants-dorcq-de-guerre-14-18\\\/\"},{\"@type\":\"ListItem\",\"position\":3,\"name\":\"engag\u00e9s volontaires \u00e0 Aubusson\"}]},{\"@type\":\"WebSite\",\"@id\":\"https:\\\/\\\/orcq.be\\\/histoire\\\/#website\",\"url\":\"https:\\\/\\\/orcq.be\\\/histoire\\\/\",\"name\":\"ORCQ.be - L&#039;Histoire\",\"description\":\"Histoire de Orcq\",\"potentialAction\":[{\"@type\":\"SearchAction\",\"target\":{\"@type\":\"EntryPoint\",\"urlTemplate\":\"https:\\\/\\\/orcq.be\\\/histoire\\\/?s={search_term_string}\"},\"query-input\":{\"@type\":\"PropertyValueSpecification\",\"valueRequired\":true,\"valueName\":\"search_term_string\"}}],\"inLanguage\":\"fr-FR\"}]}<\/script>\n<!-- \/ Yoast SEO plugin. -->","yoast_head_json":{"title":"engag\u00e9s volontaires \u00e0 Aubusson &#8226; ORCQ.be - L&#039;Histoire","robots":{"index":"index","follow":"follow","max-snippet":"max-snippet:-1","max-image-preview":"max-image-preview:large","max-video-preview":"max-video-preview:-1"},"canonical":"https:\/\/orcq.be\/histoire\/wp-content\/uploads\/sites\/2\/2017\/11\/engag\u00e9s-volontaires-\u00e0-Aubusson.jpg","og_locale":"fr_FR","og_type":"article","og_title":"engag\u00e9s volontaires \u00e0 Aubusson &#8226; ORCQ.be - L&#039;Histoire","og_url":"https:\/\/orcq.be\/histoire\/wp-content\/uploads\/sites\/2\/2017\/11\/engag\u00e9s-volontaires-\u00e0-Aubusson.jpg","og_site_name":"ORCQ.be - L&#039;Histoire","article_publisher":"https:\/\/www.facebook.com\/villageorcq","article_modified_time":"2017-11-27T20:07:18+00:00","og_image":[{"width":500,"height":317,"url":"https:\/\/orcq.be\/histoire\/wp-content\/uploads\/sites\/2\/2017\/11\/engag\u00e9s-volontaires-\u00e0-Aubusson.jpg","type":"image\/jpeg"}],"twitter_card":"summary_large_image","schema":{"@context":"https:\/\/schema.org","@graph":[{"@type":"WebPage","@id":"https:\/\/orcq.be\/histoire\/wp-content\/uploads\/sites\/2\/2017\/11\/engag\u00e9s-volontaires-\u00e0-Aubusson.jpg","url":"https:\/\/orcq.be\/histoire\/wp-content\/uploads\/sites\/2\/2017\/11\/engag\u00e9s-volontaires-\u00e0-Aubusson.jpg","name":"engag\u00e9s volontaires \u00e0 Aubusson &#8226; ORCQ.be - L&#039;Histoire","isPartOf":{"@id":"https:\/\/orcq.be\/histoire\/#website"},"datePublished":"2017-11-27T19:38:32+00:00","dateModified":"2017-11-27T20:07:18+00:00","breadcrumb":{"@id":"https:\/\/orcq.be\/histoire\/wp-content\/uploads\/sites\/2\/2017\/11\/engag\u00e9s-volontaires-\u00e0-Aubusson.jpg#breadcrumb"},"inLanguage":"fr-FR","potentialAction":[{"@type":"ReadAction","target":["https:\/\/orcq.be\/histoire\/wp-content\/uploads\/sites\/2\/2017\/11\/engag\u00e9s-volontaires-\u00e0-Aubusson.jpg"]}]},{"@type":"BreadcrumbList","@id":"https:\/\/orcq.be\/histoire\/wp-content\/uploads\/sites\/2\/2017\/11\/engag\u00e9s-volontaires-\u00e0-Aubusson.jpg#breadcrumb","itemListElement":[{"@type":"ListItem","position":1,"name":"Accueil","item":"https:\/\/orcq.be\/histoire\/"},{"@type":"ListItem","position":2,"name":"Combattants d&rsquo;Orcq de la guerre 14-18","item":"https:\/\/orcq.be\/histoire\/2018\/01\/19\/combattants-dorcq-de-guerre-14-18\/"},{"@type":"ListItem","position":3,"name":"engag\u00e9s volontaires \u00e0 Aubusson"}]},{"@type":"WebSite","@id":"https:\/\/orcq.be\/histoire\/#website","url":"https:\/\/orcq.be\/histoire\/","name":"ORCQ.be - L&#039;Histoire","description":"Histoire de Orcq","potentialAction":[{"@type":"SearchAction","target":{"@type":"EntryPoint","urlTemplate":"https:\/\/orcq.be\/histoire\/?s={search_term_string}"},"query-input":{"@type":"PropertyValueSpecification","valueRequired":true,"valueName":"search_term_string"}}],"inLanguage":"fr-FR"}]}},"description":{"rendered":"<p class=\"attachment\"><a class=\"grouped_elements\" rel=\"tc-fancybox-group\" href=\"https:\/\/orcq.be\/histoire\/wp-content\/uploads\/sites\/2\/2017\/11\/engag\u00e9s-volontaires-\u00e0-Aubusson.jpg\" title=\"engag\u00e9s volontaires \u00e0 Aubusson\"><img loading=\"lazy\" decoding=\"async\" width=\"300\" height=\"190\" src=\"https:\/\/orcq.be\/histoire\/wp-content\/uploads\/sites\/2\/2017\/11\/engag\u00e9s-volontaires-\u00e0-Aubusson-300x190.jpg\" class=\"attachment-medium size-medium\" alt=\"\" srcset=\"https:\/\/orcq.be\/histoire\/wp-content\/uploads\/sites\/2\/2017\/11\/engag\u00e9s-volontaires-\u00e0-Aubusson-300x190.jpg 300w, https:\/\/orcq.be\/histoire\/wp-content\/uploads\/sites\/2\/2017\/11\/engag\u00e9s-volontaires-\u00e0-Aubusson.jpg 500w\" sizes=\"auto, (max-width: 300px) 100vw, 300px\" \/><\/a><\/p>\n"},"caption":{"rendered":""},"alt_text":"","media_type":"image","mime_type":"image\/jpeg","media_details":{"width":500,"height":317,"file":"2017\/11\/engag\u00e9s-volontaires-\u00e0-Aubusson.jpg","sizes":{"thumbnail":{"file":"engag\u00e9s-volontaires-\u00e0-Aubusson-150x150.jpg","width":150,"height":150,"mime_type":"image\/jpeg","source_url":"https:\/\/orcq.be\/histoire\/wp-content\/uploads\/sites\/2\/2017\/11\/engag\u00e9s-volontaires-\u00e0-Aubusson-150x150.jpg"},"medium":{"file":"engag\u00e9s-volontaires-\u00e0-Aubusson-300x190.jpg","width":300,"height":190,"mime_type":"image\/jpeg","source_url":"https:\/\/orcq.be\/histoire\/wp-content\/uploads\/sites\/2\/2017\/11\/engag\u00e9s-volontaires-\u00e0-Aubusson-300x190.jpg"},"tc-thumb":{"file":"engag\u00e9s-volontaires-\u00e0-Aubusson-270x250.jpg","width":270,"height":250,"mime_type":"image\/jpeg","source_url":"https:\/\/orcq.be\/histoire\/wp-content\/uploads\/sites\/2\/2017\/11\/engag\u00e9s-volontaires-\u00e0-Aubusson-270x250.jpg"},"full":{"file":"engag\u00e9s-volontaires-\u00e0-Aubusson.jpg","width":500,"height":317,"mime_type":"image\/jpeg","source_url":"https:\/\/orcq.be\/histoire\/wp-content\/uploads\/sites\/2\/2017\/11\/engag\u00e9s-volontaires-\u00e0-Aubusson.jpg"}},"image_meta":{"aperture":"0","credit":"","camera":"","caption":"","created_timestamp":"0","copyright":"","focal_length":"0","iso":"0","shutter_speed":"0","title":"","orientation":"0","keywords":[]}},"post":545,"source_url":"https:\/\/orcq.be\/histoire\/wp-content\/uploads\/sites\/2\/2017\/11\/engag\u00e9s-volontaires-\u00e0-Aubusson.jpg","_links":{"self":[{"href":"https:\/\/orcq.be\/histoire\/wp-json\/wp\/v2\/media\/550","targetHints":{"allow":["GET"]}}],"collection":[{"href":"https:\/\/orcq.be\/histoire\/wp-json\/wp\/v2\/media"}],"about":[{"href":"https:\/\/orcq.be\/histoire\/wp-json\/wp\/v2\/types\/attachment"}],"author":[{"embeddable":true,"href":"https:\/\/orcq.be\/histoire\/wp-json\/wp\/v2\/users\/2"}],"replies":[{"embeddable":true,"href":"https:\/\/orcq.be\/histoire\/wp-json\/wp\/v2\/comments?post=550"}],"wp:attached-to":[{"embeddable":true,"post_type":"post","id":545,"href":"https:\/\/orcq.be\/histoire\/wp-json\/wp\/v2\/posts\/545"}],"curies":[{"name":"wp","href":"https:\/\/api.w.org\/{rel}","templated":true}]}}

http://orcq.be/histoire/wp-content/uploads/sites/2/2017/11/engagés-volontaires-à-Aubusson.jpg

engagés volontaires à Aubusson

<!-- This site is optimized with the Yoast SEO plugin v27.5 - https://yoast.com/product/yoast-seo-wordpress/ -->
<title>engagés volontaires à Aubusson &#8226; ORCQ.be - L&#039;Histoire</title>
<meta name="robots" content="index, follow, max-snippet:-1, max-image-preview:large, max-video-preview:-1" />
<link rel="canonical" href="https://orcq.be/histoire/wp-content/uploads/sites/2/2017/11/engagés-volontaires-à-Aubusson.jpg" />
<meta property="og:locale" content="fr_FR" />
<meta property="og:type" content="article" />
<meta property="og:title" content="engagés volontaires à Aubusson &#8226; ORCQ.be - L&#039;Histoire" />
<meta property="og:url" content="https://orcq.be/histoire/wp-content/uploads/sites/2/2017/11/engagés-volontaires-à-Aubusson.jpg" />
<meta property="og:site_name" content="ORCQ.be - L&#039;Histoire" />
<meta property="article:publisher" content="https://www.facebook.com/villageorcq" />
<meta property="article:modified_time" content="2017-11-27T20:07:18+00:00" />
<meta property="og:image" content="https://orcq.be/histoire/wp-content/uploads/sites/2/2017/11/engagés-volontaires-à-Aubusson.jpg" />
	<meta property="og:image:width" content="500" />
	<meta property="og:image:height" content="317" />
	<meta property="og:image:type" content="image/jpeg" />
<meta name="twitter:card" content="summary_large_image" />
<script type="application/ld+json" class="yoast-schema-graph">{"@context":"https:\/\/schema.org","@graph":[{"@type":"WebPage","@id":"https:\/\/orcq.be\/histoire\/wp-content\/uploads\/sites\/2\/2017\/11\/engagés-volontaires-à-Aubusson.jpg","url":"https:\/\/orcq.be\/histoire\/wp-content\/uploads\/sites\/2\/2017\/11\/engagés-volontaires-à-Aubusson.jpg","name":"engagés volontaires à Aubusson &#8226; ORCQ.be - L&#039;Histoire","isPartOf":{"@id":"https:\/\/orcq.be\/histoire\/#website"},"datePublished":"2017-11-27T19:38:32+00:00","dateModified":"2017-11-27T20:07:18+00:00","breadcrumb":{"@id":"https:\/\/orcq.be\/histoire\/wp-content\/uploads\/sites\/2\/2017\/11\/engagés-volontaires-à-Aubusson.jpg#breadcrumb"},"inLanguage":"fr-FR","potentialAction":[{"@type":"ReadAction","target":["https:\/\/orcq.be\/histoire\/wp-content\/uploads\/sites\/2\/2017\/11\/engagés-volontaires-à-Aubusson.jpg"]}]},{"@type":"BreadcrumbList","@id":"https:\/\/orcq.be\/histoire\/wp-content\/uploads\/sites\/2\/2017\/11\/engagés-volontaires-à-Aubusson.jpg#breadcrumb","itemListElement":[{"@type":"ListItem","position":1,"name":"Accueil","item":"https:\/\/orcq.be\/histoire\/"},{"@type":"ListItem","position":2,"name":"Combattants d&rsquo;Orcq de la guerre 14-18","item":"https:\/\/orcq.be\/histoire\/2018\/01\/19\/combattants-dorcq-de-guerre-14-18\/"},{"@type":"ListItem","position":3,"name":"engagés volontaires à Aubusson"}]},{"@type":"WebSite","@id":"https:\/\/orcq.be\/histoire\/#website","url":"https:\/\/orcq.be\/histoire\/","name":"ORCQ.be - L&#039;Histoire","description":"Histoire de Orcq","potentialAction":[{"@type":"SearchAction","target":{"@type":"EntryPoint","urlTemplate":"https:\/\/orcq.be\/histoire\/?s={search_term_string}"},"query-input":{"@type":"PropertyValueSpecification","valueRequired":true,"valueName":"search_term_string"}}],"inLanguage":"fr-FR"}]}</script>
<!-- / Yoast SEO plugin. -->

engagés volontaires à Aubusson &#8226; ORCQ.be - L&#039;Histoire

https://orcq.be/histoire/wp-content/uploads/sites/2/2017/11/engagés-volontaires-à-Aubusson.jpg

https://orcq.be/histoire/wp-content/uploads/sites/2/2017/11/engagés-volontaires-à-Aubusson.jpg#breadcrumb

<p class="attachment"><a class="grouped_elements" rel="tc-fancybox-group" href="https://orcq.be/histoire/wp-content/uploads/sites/2/2017/11/engagés-volontaires-à-Aubusson.jpg" title="engagés volontaires à Aubusson"><img loading="lazy" decoding="async" width="300" height="190" src="https://orcq.be/histoire/wp-content/uploads/sites/2/2017/11/engagés-volontaires-à-Aubusson-300x190.jpg" class="attachment-medium size-medium" alt="" srcset="https://orcq.be/histoire/wp-content/uploads/sites/2/2017/11/engagés-volontaires-à-Aubusson-300x190.jpg 300w, https://orcq.be/histoire/wp-content/uploads/sites/2/2017/11/engagés-volontaires-à-Aubusson.jpg 500w" sizes="auto, (max-width: 300px) 100vw, 300px" /></a></p>

2017/11/engagés-volontaires-à-Aubusson.jpg

engagés-volontaires-à-Aubusson-150x150.jpg

https://orcq.be/histoire/wp-content/uploads/sites/2/2017/11/engagés-volontaires-à-Aubusson-150x150.jpg

engagés-volontaires-à-Aubusson-300x190.jpg

https://orcq.be/histoire/wp-content/uploads/sites/2/2017/11/engagés-volontaires-à-Aubusson-300x190.jpg

engagés-volontaires-à-Aubusson-270x250.jpg

https://orcq.be/histoire/wp-content/uploads/sites/2/2017/11/engagés-volontaires-à-Aubusson-270x250.jpg

engagés-volontaires-à-Aubusson.jpg
