{"id":990,"date":"2020-12-14T12:58:04","date_gmt":"2020-12-14T11:58:04","guid":{"rendered":"http:\/\/orcq.be\/histoire\/wp-content\/uploads\/sites\/2\/2020\/12\/DE-CORDES-JEAN-CHARLES.png"},"modified":"2020-12-14T12:58:04","modified_gmt":"2020-12-14T11:58:04","slug":"de-cordes-jean-charles","status":"inherit","type":"attachment","link":"https:\/\/orcq.be\/histoire\/2020\/12\/18\/la-marliere-a-orcq-ses-proprietaires-et-ses-hotes-illustres-i-1513-1803\/de-cordes-jean-charles\/","title":{"rendered":"DE-CORDES-JEAN-CHARLES"},"author":4,"featured_media":0,"comment_status":"open","ping_status":"closed","template":"","meta":{"_monsterinsights_skip_tracking":false,"_monsterinsights_sitenote_active":false,"_monsterinsights_sitenote_note":"","_monsterinsights_sitenote_category":0},"class_list":["post-990","attachment","type-attachment","status-inherit","czr-hentry"],"yoast_head":"<!-- This site is optimized with the Yoast SEO plugin v27.5 - https:\/\/yoast.com\/product\/yoast-seo-wordpress\/ -->\n<title>DE-CORDES-JEAN-CHARLES &#8226; ORCQ.be - L&#039;Histoire<\/title>\n<meta name=\"robots\" content=\"index, follow, max-snippet:-1, max-image-preview:large, max-video-preview:-1\" \/>\n<link rel=\"canonical\" href=\"https:\/\/orcq.be\/histoire\/wp-content\/uploads\/sites\/2\/2020\/12\/DE-CORDES-JEAN-CHARLES.png\" \/>\n<meta property=\"og:locale\" content=\"fr_FR\" \/>\n<meta property=\"og:type\" content=\"article\" \/>\n<meta property=\"og:title\" content=\"DE-CORDES-JEAN-CHARLES &#8226; ORCQ.be - L&#039;Histoire\" \/>\n<meta property=\"og:url\" content=\"https:\/\/orcq.be\/histoire\/wp-content\/uploads\/sites\/2\/2020\/12\/DE-CORDES-JEAN-CHARLES.png\" \/>\n<meta property=\"og:site_name\" content=\"ORCQ.be - L&#039;Histoire\" \/>\n<meta property=\"article:publisher\" content=\"https:\/\/www.facebook.com\/villageorcq\" \/>\n<meta property=\"og:image\" content=\"https:\/\/orcq.be\/histoire\/wp-content\/uploads\/sites\/2\/2020\/12\/DE-CORDES-JEAN-CHARLES.png\" \/>\n\t<meta property=\"og:image:width\" content=\"406\" \/>\n\t<meta property=\"og:image:height\" content=\"506\" \/>\n\t<meta property=\"og:image:type\" content=\"image\/png\" \/>\n<meta name=\"twitter:card\" content=\"summary_large_image\" \/>\n<script type=\"application\/ld+json\" class=\"yoast-schema-graph\">{\"@context\":\"https:\\\/\\\/schema.org\",\"@graph\":[{\"@type\":\"WebPage\",\"@id\":\"https:\\\/\\\/orcq.be\\\/histoire\\\/wp-content\\\/uploads\\\/sites\\\/2\\\/2020\\\/12\\\/DE-CORDES-JEAN-CHARLES.png\",\"url\":\"https:\\\/\\\/orcq.be\\\/histoire\\\/wp-content\\\/uploads\\\/sites\\\/2\\\/2020\\\/12\\\/DE-CORDES-JEAN-CHARLES.png\",\"name\":\"DE-CORDES-JEAN-CHARLES &#8226; ORCQ.be - L&#039;Histoire\",\"isPartOf\":{\"@id\":\"https:\\\/\\\/orcq.be\\\/histoire\\\/#website\"},\"datePublished\":\"2020-12-14T11:58:04+00:00\",\"breadcrumb\":{\"@id\":\"https:\\\/\\\/orcq.be\\\/histoire\\\/wp-content\\\/uploads\\\/sites\\\/2\\\/2020\\\/12\\\/DE-CORDES-JEAN-CHARLES.png#breadcrumb\"},\"inLanguage\":\"fr-FR\",\"potentialAction\":[{\"@type\":\"ReadAction\",\"target\":[\"https:\\\/\\\/orcq.be\\\/histoire\\\/wp-content\\\/uploads\\\/sites\\\/2\\\/2020\\\/12\\\/DE-CORDES-JEAN-CHARLES.png\"]}]},{\"@type\":\"BreadcrumbList\",\"@id\":\"https:\\\/\\\/orcq.be\\\/histoire\\\/wp-content\\\/uploads\\\/sites\\\/2\\\/2020\\\/12\\\/DE-CORDES-JEAN-CHARLES.png#breadcrumb\",\"itemListElement\":[{\"@type\":\"ListItem\",\"position\":1,\"name\":\"Accueil\",\"item\":\"https:\\\/\\\/orcq.be\\\/histoire\\\/\"},{\"@type\":\"ListItem\",\"position\":2,\"name\":\"La Marli\u00e8re \u00e0 Orcq 1\u00e8re partie (1513-1803), ses propri\u00e9taires et ses h\u00f4tes illustres\",\"item\":\"https:\\\/\\\/orcq.be\\\/histoire\\\/2020\\\/12\\\/18\\\/la-marliere-a-orcq-ses-proprietaires-et-ses-hotes-illustres-i-1513-1803\\\/\"},{\"@type\":\"ListItem\",\"position\":3,\"name\":\"DE-CORDES-JEAN-CHARLES\"}]},{\"@type\":\"WebSite\",\"@id\":\"https:\\\/\\\/orcq.be\\\/histoire\\\/#website\",\"url\":\"https:\\\/\\\/orcq.be\\\/histoire\\\/\",\"name\":\"ORCQ.be - L&#039;Histoire\",\"description\":\"Histoire de Orcq\",\"potentialAction\":[{\"@type\":\"SearchAction\",\"target\":{\"@type\":\"EntryPoint\",\"urlTemplate\":\"https:\\\/\\\/orcq.be\\\/histoire\\\/?s={search_term_string}\"},\"query-input\":{\"@type\":\"PropertyValueSpecification\",\"valueRequired\":true,\"valueName\":\"search_term_string\"}}],\"inLanguage\":\"fr-FR\"}]}<\/script>\n<!-- \/ Yoast SEO plugin. -->","yoast_head_json":{"title":"DE-CORDES-JEAN-CHARLES &#8226; ORCQ.be - L&#039;Histoire","robots":{"index":"index","follow":"follow","max-snippet":"max-snippet:-1","max-image-preview":"max-image-preview:large","max-video-preview":"max-video-preview:-1"},"canonical":"https:\/\/orcq.be\/histoire\/wp-content\/uploads\/sites\/2\/2020\/12\/DE-CORDES-JEAN-CHARLES.png","og_locale":"fr_FR","og_type":"article","og_title":"DE-CORDES-JEAN-CHARLES &#8226; ORCQ.be - L&#039;Histoire","og_url":"https:\/\/orcq.be\/histoire\/wp-content\/uploads\/sites\/2\/2020\/12\/DE-CORDES-JEAN-CHARLES.png","og_site_name":"ORCQ.be - L&#039;Histoire","article_publisher":"https:\/\/www.facebook.com\/villageorcq","og_image":[{"width":406,"height":506,"url":"https:\/\/orcq.be\/histoire\/wp-content\/uploads\/sites\/2\/2020\/12\/DE-CORDES-JEAN-CHARLES.png","type":"image\/png"}],"twitter_card":"summary_large_image","schema":{"@context":"https:\/\/schema.org","@graph":[{"@type":"WebPage","@id":"https:\/\/orcq.be\/histoire\/wp-content\/uploads\/sites\/2\/2020\/12\/DE-CORDES-JEAN-CHARLES.png","url":"https:\/\/orcq.be\/histoire\/wp-content\/uploads\/sites\/2\/2020\/12\/DE-CORDES-JEAN-CHARLES.png","name":"DE-CORDES-JEAN-CHARLES &#8226; ORCQ.be - L&#039;Histoire","isPartOf":{"@id":"https:\/\/orcq.be\/histoire\/#website"},"datePublished":"2020-12-14T11:58:04+00:00","breadcrumb":{"@id":"https:\/\/orcq.be\/histoire\/wp-content\/uploads\/sites\/2\/2020\/12\/DE-CORDES-JEAN-CHARLES.png#breadcrumb"},"inLanguage":"fr-FR","potentialAction":[{"@type":"ReadAction","target":["https:\/\/orcq.be\/histoire\/wp-content\/uploads\/sites\/2\/2020\/12\/DE-CORDES-JEAN-CHARLES.png"]}]},{"@type":"BreadcrumbList","@id":"https:\/\/orcq.be\/histoire\/wp-content\/uploads\/sites\/2\/2020\/12\/DE-CORDES-JEAN-CHARLES.png#breadcrumb","itemListElement":[{"@type":"ListItem","position":1,"name":"Accueil","item":"https:\/\/orcq.be\/histoire\/"},{"@type":"ListItem","position":2,"name":"La Marli\u00e8re \u00e0 Orcq 1\u00e8re partie (1513-1803), ses propri\u00e9taires et ses h\u00f4tes illustres","item":"https:\/\/orcq.be\/histoire\/2020\/12\/18\/la-marliere-a-orcq-ses-proprietaires-et-ses-hotes-illustres-i-1513-1803\/"},{"@type":"ListItem","position":3,"name":"DE-CORDES-JEAN-CHARLES"}]},{"@type":"WebSite","@id":"https:\/\/orcq.be\/histoire\/#website","url":"https:\/\/orcq.be\/histoire\/","name":"ORCQ.be - L&#039;Histoire","description":"Histoire de Orcq","potentialAction":[{"@type":"SearchAction","target":{"@type":"EntryPoint","urlTemplate":"https:\/\/orcq.be\/histoire\/?s={search_term_string}"},"query-input":{"@type":"PropertyValueSpecification","valueRequired":true,"valueName":"search_term_string"}}],"inLanguage":"fr-FR"}]}},"description":{"rendered":"<p class=\"attachment\"><a class=\"grouped_elements\" rel=\"tc-fancybox-group\" href=\"https:\/\/orcq.be\/histoire\/wp-content\/uploads\/sites\/2\/2020\/12\/DE-CORDES-JEAN-CHARLES.png\" title=\"DE-CORDES-JEAN-CHARLES\"><img loading=\"lazy\" decoding=\"async\" width=\"241\" height=\"300\" src=\"https:\/\/orcq.be\/histoire\/wp-content\/uploads\/sites\/2\/2020\/12\/DE-CORDES-JEAN-CHARLES-241x300.png\" class=\"attachment-medium size-medium\" alt=\"\" srcset=\"https:\/\/orcq.be\/histoire\/wp-content\/uploads\/sites\/2\/2020\/12\/DE-CORDES-JEAN-CHARLES-241x300.png 241w, https:\/\/orcq.be\/histoire\/wp-content\/uploads\/sites\/2\/2020\/12\/DE-CORDES-JEAN-CHARLES.png 406w\" sizes=\"auto, (max-width: 241px) 100vw, 241px\" \/><\/a><\/p>\n"},"caption":{"rendered":""},"alt_text":"","media_type":"image","mime_type":"image\/png","media_details":{"width":406,"height":506,"file":"2020\/12\/DE-CORDES-JEAN-CHARLES.png","sizes":{"medium":{"file":"DE-CORDES-JEAN-CHARLES-241x300.png","width":241,"height":300,"mime_type":"image\/png","source_url":"https:\/\/orcq.be\/histoire\/wp-content\/uploads\/sites\/2\/2020\/12\/DE-CORDES-JEAN-CHARLES-241x300.png"},"thumbnail":{"file":"DE-CORDES-JEAN-CHARLES-150x150.png","width":150,"height":150,"mime_type":"image\/png","source_url":"https:\/\/orcq.be\/histoire\/wp-content\/uploads\/sites\/2\/2020\/12\/DE-CORDES-JEAN-CHARLES-150x150.png"},"tc-grid-full":{"file":"DE-CORDES-JEAN-CHARLES-406x350.png","width":406,"height":350,"mime_type":"image\/png","source_url":"https:\/\/orcq.be\/histoire\/wp-content\/uploads\/sites\/2\/2020\/12\/DE-CORDES-JEAN-CHARLES-406x350.png"},"tc-grid":{"file":"DE-CORDES-JEAN-CHARLES-406x350.png","width":406,"height":350,"mime_type":"image\/png","source_url":"https:\/\/orcq.be\/histoire\/wp-content\/uploads\/sites\/2\/2020\/12\/DE-CORDES-JEAN-CHARLES-406x350.png"},"tc-thumb":{"file":"DE-CORDES-JEAN-CHARLES-270x250.png","width":270,"height":250,"mime_type":"image\/png","source_url":"https:\/\/orcq.be\/histoire\/wp-content\/uploads\/sites\/2\/2020\/12\/DE-CORDES-JEAN-CHARLES-270x250.png"},"slider-full":{"file":"DE-CORDES-JEAN-CHARLES-406x500.png","width":406,"height":500,"mime_type":"image\/png","source_url":"https:\/\/orcq.be\/histoire\/wp-content\/uploads\/sites\/2\/2020\/12\/DE-CORDES-JEAN-CHARLES-406x500.png"},"slider":{"file":"DE-CORDES-JEAN-CHARLES-406x500.png","width":406,"height":500,"mime_type":"image\/png","source_url":"https:\/\/orcq.be\/histoire\/wp-content\/uploads\/sites\/2\/2020\/12\/DE-CORDES-JEAN-CHARLES-406x500.png"},"full":{"file":"DE-CORDES-JEAN-CHARLES.png","width":406,"height":506,"mime_type":"image\/png","source_url":"https:\/\/orcq.be\/histoire\/wp-content\/uploads\/sites\/2\/2020\/12\/DE-CORDES-JEAN-CHARLES.png"}},"image_meta":{"aperture":"0","credit":"","camera":"","caption":"","created_timestamp":"0","copyright":"","focal_length":"0","iso":"0","shutter_speed":"0","title":"","orientation":"0","keywords":[]}},"post":981,"source_url":"https:\/\/orcq.be\/histoire\/wp-content\/uploads\/sites\/2\/2020\/12\/DE-CORDES-JEAN-CHARLES.png","_links":{"self":[{"href":"https:\/\/orcq.be\/histoire\/wp-json\/wp\/v2\/media\/990","targetHints":{"allow":["GET"]}}],"collection":[{"href":"https:\/\/orcq.be\/histoire\/wp-json\/wp\/v2\/media"}],"about":[{"href":"https:\/\/orcq.be\/histoire\/wp-json\/wp\/v2\/types\/attachment"}],"author":[{"embeddable":true,"href":"https:\/\/orcq.be\/histoire\/wp-json\/wp\/v2\/users\/4"}],"replies":[{"embeddable":true,"href":"https:\/\/orcq.be\/histoire\/wp-json\/wp\/v2\/comments?post=990"}],"wp:attached-to":[{"embeddable":true,"post_type":"post","id":981,"href":"https:\/\/orcq.be\/histoire\/wp-json\/wp\/v2\/posts\/981"}],"curies":[{"name":"wp","href":"https:\/\/api.w.org\/{rel}","templated":true}]}}

<!-- This site is optimized with the Yoast SEO plugin v27.5 - https://yoast.com/product/yoast-seo-wordpress/ -->
<title>DE-CORDES-JEAN-CHARLES &#8226; ORCQ.be - L&#039;Histoire</title>
<meta name="robots" content="index, follow, max-snippet:-1, max-image-preview:large, max-video-preview:-1" />
<link rel="canonical" href="https://orcq.be/histoire/wp-content/uploads/sites/2/2020/12/DE-CORDES-JEAN-CHARLES.png" />
<meta property="og:locale" content="fr_FR" />
<meta property="og:type" content="article" />
<meta property="og:title" content="DE-CORDES-JEAN-CHARLES &#8226; ORCQ.be - L&#039;Histoire" />
<meta property="og:url" content="https://orcq.be/histoire/wp-content/uploads/sites/2/2020/12/DE-CORDES-JEAN-CHARLES.png" />
<meta property="og:site_name" content="ORCQ.be - L&#039;Histoire" />
<meta property="article:publisher" content="https://www.facebook.com/villageorcq" />
<meta property="og:image" content="https://orcq.be/histoire/wp-content/uploads/sites/2/2020/12/DE-CORDES-JEAN-CHARLES.png" />
	<meta property="og:image:width" content="406" />
	<meta property="og:image:height" content="506" />
	<meta property="og:image:type" content="image/png" />
<meta name="twitter:card" content="summary_large_image" />
<script type="application/ld+json" class="yoast-schema-graph">{"@context":"https:\/\/schema.org","@graph":[{"@type":"WebPage","@id":"https:\/\/orcq.be\/histoire\/wp-content\/uploads\/sites\/2\/2020\/12\/DE-CORDES-JEAN-CHARLES.png","url":"https:\/\/orcq.be\/histoire\/wp-content\/uploads\/sites\/2\/2020\/12\/DE-CORDES-JEAN-CHARLES.png","name":"DE-CORDES-JEAN-CHARLES &#8226; ORCQ.be - L&#039;Histoire","isPartOf":{"@id":"https:\/\/orcq.be\/histoire\/#website"},"datePublished":"2020-12-14T11:58:04+00:00","breadcrumb":{"@id":"https:\/\/orcq.be\/histoire\/wp-content\/uploads\/sites\/2\/2020\/12\/DE-CORDES-JEAN-CHARLES.png#breadcrumb"},"inLanguage":"fr-FR","potentialAction":[{"@type":"ReadAction","target":["https:\/\/orcq.be\/histoire\/wp-content\/uploads\/sites\/2\/2020\/12\/DE-CORDES-JEAN-CHARLES.png"]}]},{"@type":"BreadcrumbList","@id":"https:\/\/orcq.be\/histoire\/wp-content\/uploads\/sites\/2\/2020\/12\/DE-CORDES-JEAN-CHARLES.png#breadcrumb","itemListElement":[{"@type":"ListItem","position":1,"name":"Accueil","item":"https:\/\/orcq.be\/histoire\/"},{"@type":"ListItem","position":2,"name":"La Marlière à Orcq 1ère partie (1513-1803), ses propriétaires et ses hôtes illustres","item":"https:\/\/orcq.be\/histoire\/2020\/12\/18\/la-marliere-a-orcq-ses-proprietaires-et-ses-hotes-illustres-i-1513-1803\/"},{"@type":"ListItem","position":3,"name":"DE-CORDES-JEAN-CHARLES"}]},{"@type":"WebSite","@id":"https:\/\/orcq.be\/histoire\/#website","url":"https:\/\/orcq.be\/histoire\/","name":"ORCQ.be - L&#039;Histoire","description":"Histoire de Orcq","potentialAction":[{"@type":"SearchAction","target":{"@type":"EntryPoint","urlTemplate":"https:\/\/orcq.be\/histoire\/?s={search_term_string}"},"query-input":{"@type":"PropertyValueSpecification","valueRequired":true,"valueName":"search_term_string"}}],"inLanguage":"fr-FR"}]}</script>
<!-- / Yoast SEO plugin. -->

La Marlière à Orcq 1ère partie (1513-1803), ses propriétaires et ses hôtes illustres
