{"id":58,"date":"2017-07-09T14:24:29","date_gmt":"2017-07-09T12:24:29","guid":{"rendered":"http:\/\/orcq.be\/histoire\/?page_id=58"},"modified":"2017-07-09T14:24:29","modified_gmt":"2017-07-09T12:24:29","slug":"newsletter-confirmation","status":"publish","type":"page","link":"https:\/\/orcq.be\/histoire\/newsletter-confirmation\/","title":{"rendered":"Newsletter &#8211; Confirmation"},"content":{"rendered":"<p>Merci pour l&rsquo;int\u00e9r\u00eat port\u00e9 \u00e0 Orcq.be<br \/>\nVous avez bien compl\u00e9t\u00e9 le formulaire d&rsquo;inscription pour la newsletter.<\/p>\n<p>\u00c0 tr\u00e8s bient\u00f4t,<\/p>\n<p>L&rsquo;\u00e9quipe de Orcq.be<\/p>\n","protected":false},"excerpt":{"rendered":"<p>Merci pour l&rsquo;int\u00e9r\u00eat port\u00e9 \u00e0 Orcq.be Vous avez bien compl\u00e9t\u00e9 le formulaire d&rsquo;inscription pour la newsletter. \u00c0 tr\u00e8s bient\u00f4t, L&rsquo;\u00e9quipe de Orcq.be<\/p>\n","protected":false},"author":2,"featured_media":0,"parent":0,"menu_order":0,"comment_status":"closed","ping_status":"closed","template":"","meta":{"_monsterinsights_skip_tracking":false,"_monsterinsights_sitenote_active":false,"_monsterinsights_sitenote_note":"","_monsterinsights_sitenote_category":0,"footnotes":""},"class_list":["post-58","page","type-page","status-publish","czr-hentry"],"yoast_head":"<!-- This site is optimized with the Yoast SEO plugin v27.5 - https:\/\/yoast.com\/product\/yoast-seo-wordpress\/ -->\n<title>Newsletter - Confirmation &#8226; ORCQ.be - L&#039;Histoire<\/title>\n<meta name=\"robots\" content=\"index, follow, max-snippet:-1, max-image-preview:large, max-video-preview:-1\" \/>\n<link rel=\"canonical\" href=\"https:\/\/orcq.be\/histoire\/newsletter-confirmation\/\" \/>\n<meta property=\"og:locale\" content=\"fr_FR\" \/>\n<meta property=\"og:type\" content=\"article\" \/>\n<meta property=\"og:title\" content=\"Newsletter - Confirmation &#8226; ORCQ.be - L&#039;Histoire\" \/>\n<meta property=\"og:description\" content=\"Merci pour l&rsquo;int\u00e9r\u00eat port\u00e9 \u00e0 Orcq.be Vous avez bien compl\u00e9t\u00e9 le formulaire d&rsquo;inscription pour la newsletter. \u00c0 tr\u00e8s bient\u00f4t, L&rsquo;\u00e9quipe de Orcq.be\" \/>\n<meta property=\"og:url\" content=\"https:\/\/orcq.be\/histoire\/newsletter-confirmation\/\" \/>\n<meta property=\"og:site_name\" content=\"ORCQ.be - L&#039;Histoire\" \/>\n<meta property=\"article:publisher\" content=\"https:\/\/www.facebook.com\/villageorcq\" \/>\n<meta name=\"twitter:card\" content=\"summary_large_image\" \/>\n<script type=\"application\/ld+json\" class=\"yoast-schema-graph\">{\"@context\":\"https:\\\/\\\/schema.org\",\"@graph\":[{\"@type\":\"WebPage\",\"@id\":\"https:\\\/\\\/orcq.be\\\/histoire\\\/newsletter-confirmation\\\/\",\"url\":\"https:\\\/\\\/orcq.be\\\/histoire\\\/newsletter-confirmation\\\/\",\"name\":\"Newsletter - Confirmation &#8226; ORCQ.be - L&#039;Histoire\",\"isPartOf\":{\"@id\":\"https:\\\/\\\/orcq.be\\\/histoire\\\/#website\"},\"datePublished\":\"2017-07-09T12:24:29+00:00\",\"breadcrumb\":{\"@id\":\"https:\\\/\\\/orcq.be\\\/histoire\\\/newsletter-confirmation\\\/#breadcrumb\"},\"inLanguage\":\"fr-FR\",\"potentialAction\":[{\"@type\":\"ReadAction\",\"target\":[\"https:\\\/\\\/orcq.be\\\/histoire\\\/newsletter-confirmation\\\/\"]}]},{\"@type\":\"BreadcrumbList\",\"@id\":\"https:\\\/\\\/orcq.be\\\/histoire\\\/newsletter-confirmation\\\/#breadcrumb\",\"itemListElement\":[{\"@type\":\"ListItem\",\"position\":1,\"name\":\"Accueil\",\"item\":\"https:\\\/\\\/orcq.be\\\/histoire\\\/\"},{\"@type\":\"ListItem\",\"position\":2,\"name\":\"Newsletter &#8211; Confirmation\"}]},{\"@type\":\"WebSite\",\"@id\":\"https:\\\/\\\/orcq.be\\\/histoire\\\/#website\",\"url\":\"https:\\\/\\\/orcq.be\\\/histoire\\\/\",\"name\":\"ORCQ.be - L&#039;Histoire\",\"description\":\"Histoire de Orcq\",\"potentialAction\":[{\"@type\":\"SearchAction\",\"target\":{\"@type\":\"EntryPoint\",\"urlTemplate\":\"https:\\\/\\\/orcq.be\\\/histoire\\\/?s={search_term_string}\"},\"query-input\":{\"@type\":\"PropertyValueSpecification\",\"valueRequired\":true,\"valueName\":\"search_term_string\"}}],\"inLanguage\":\"fr-FR\"}]}<\/script>\n<!-- \/ Yoast SEO plugin. -->","yoast_head_json":{"title":"Newsletter - Confirmation &#8226; ORCQ.be - L&#039;Histoire","robots":{"index":"index","follow":"follow","max-snippet":"max-snippet:-1","max-image-preview":"max-image-preview:large","max-video-preview":"max-video-preview:-1"},"canonical":"https:\/\/orcq.be\/histoire\/newsletter-confirmation\/","og_locale":"fr_FR","og_type":"article","og_title":"Newsletter - Confirmation &#8226; ORCQ.be - L&#039;Histoire","og_description":"Merci pour l&rsquo;int\u00e9r\u00eat port\u00e9 \u00e0 Orcq.be Vous avez bien compl\u00e9t\u00e9 le formulaire d&rsquo;inscription pour la newsletter. \u00c0 tr\u00e8s bient\u00f4t, L&rsquo;\u00e9quipe de Orcq.be","og_url":"https:\/\/orcq.be\/histoire\/newsletter-confirmation\/","og_site_name":"ORCQ.be - L&#039;Histoire","article_publisher":"https:\/\/www.facebook.com\/villageorcq","twitter_card":"summary_large_image","schema":{"@context":"https:\/\/schema.org","@graph":[{"@type":"WebPage","@id":"https:\/\/orcq.be\/histoire\/newsletter-confirmation\/","url":"https:\/\/orcq.be\/histoire\/newsletter-confirmation\/","name":"Newsletter - Confirmation &#8226; ORCQ.be - L&#039;Histoire","isPartOf":{"@id":"https:\/\/orcq.be\/histoire\/#website"},"datePublished":"2017-07-09T12:24:29+00:00","breadcrumb":{"@id":"https:\/\/orcq.be\/histoire\/newsletter-confirmation\/#breadcrumb"},"inLanguage":"fr-FR","potentialAction":[{"@type":"ReadAction","target":["https:\/\/orcq.be\/histoire\/newsletter-confirmation\/"]}]},{"@type":"BreadcrumbList","@id":"https:\/\/orcq.be\/histoire\/newsletter-confirmation\/#breadcrumb","itemListElement":[{"@type":"ListItem","position":1,"name":"Accueil","item":"https:\/\/orcq.be\/histoire\/"},{"@type":"ListItem","position":2,"name":"Newsletter &#8211; Confirmation"}]},{"@type":"WebSite","@id":"https:\/\/orcq.be\/histoire\/#website","url":"https:\/\/orcq.be\/histoire\/","name":"ORCQ.be - L&#039;Histoire","description":"Histoire de Orcq","potentialAction":[{"@type":"SearchAction","target":{"@type":"EntryPoint","urlTemplate":"https:\/\/orcq.be\/histoire\/?s={search_term_string}"},"query-input":{"@type":"PropertyValueSpecification","valueRequired":true,"valueName":"search_term_string"}}],"inLanguage":"fr-FR"}]}},"_links":{"self":[{"href":"https:\/\/orcq.be\/histoire\/wp-json\/wp\/v2\/pages\/58","targetHints":{"allow":["GET"]}}],"collection":[{"href":"https:\/\/orcq.be\/histoire\/wp-json\/wp\/v2\/pages"}],"about":[{"href":"https:\/\/orcq.be\/histoire\/wp-json\/wp\/v2\/types\/page"}],"author":[{"embeddable":true,"href":"https:\/\/orcq.be\/histoire\/wp-json\/wp\/v2\/users\/2"}],"replies":[{"embeddable":true,"href":"https:\/\/orcq.be\/histoire\/wp-json\/wp\/v2\/comments?post=58"}],"version-history":[{"count":1,"href":"https:\/\/orcq.be\/histoire\/wp-json\/wp\/v2\/pages\/58\/revisions"}],"predecessor-version":[{"id":59,"href":"https:\/\/orcq.be\/histoire\/wp-json\/wp\/v2\/pages\/58\/revisions\/59"}],"wp:attachment":[{"href":"https:\/\/orcq.be\/histoire\/wp-json\/wp\/v2\/media?parent=58"}],"curies":[{"name":"wp","href":"https:\/\/api.w.org\/{rel}","templated":true}]}}