{"id":82,"date":"2017-07-09T21:22:25","date_gmt":"2017-07-09T19:22:25","guid":{"rendered":"http:\/\/orcq.be\/histoire\/?page_id=82"},"modified":"2020-11-04T20:29:33","modified_gmt":"2020-11-04T19:29:33","slug":"mutations-d-village-1800-2000","status":"publish","type":"page","link":"https:\/\/orcq.be\/histoire\/mutations-d-village-1800-2000\/","title":{"rendered":"Mutations d un village 1800 2000"},"content":{"rendered":"<div class=\"csRow\">\n<div class=\"csColumnGap\" style=\"margin: 0px; padding: 0px; float: left; width: 1.56%; text-align: justify;\"><img decoding=\"async\" style=\"border: none;\" src=\"http:\/\/orcq.be\/histoire\/wp-content\/plugins\/advanced-wp-columns\/assets\/js\/plugins\/views\/img\/1x1-pixel.png\" \/><\/div>\n<div class=\"csColumn\" style=\"margin: 0px; padding: 0px; float: left; width: 47.6%; text-align: justify;\" data-csstartpoint=\"15\" data-csendpoint=\"472\" data-cswidth=\"47.6%\" data-csid=\"270a2979-7a2a-5035-afb8-de1f573d57c3\">\n<p><img loading=\"lazy\" decoding=\"async\" src=\"http:\/\/orcq.be\/histoire\/wp-content\/uploads\/sites\/2\/2017\/07\/Livre-Orcq-Mutations-d-un-village-1800-2000-1.jpg\" alt=\"\" width=\"2016\" height=\"2731\" \/><\/p>\n<\/div>\n<div class=\"csColumnGap\" style=\"margin: 0px; padding: 0px; float: left; width: 1.56%; text-align: justify;\"><img decoding=\"async\" style=\"border: none;\" src=\"http:\/\/orcq.be\/histoire\/wp-content\/plugins\/advanced-wp-columns\/assets\/js\/plugins\/views\/img\/1x1-pixel.png\" \/><\/div>\n<div class=\"csColumn\" style=\"margin: 0px; padding: 0px; float: left; width: 47.7%; text-align: justify;\" data-csstartpoint=\"487\" data-csendpoint=\"945\" data-cswidth=\"47.7%\" data-csid=\"4dcd37e9-228b-2ab9-9d9c-7d6b73f18774\">\n<h1><strong>Nombre d&rsquo;exemplaires limit\u00e9!<\/strong><\/h1>\n<h2>Vous pouvez retrouver en vente ce livre \u00e0 l&rsquo;ASBL Ensemble Vieux chemin de Lille, 36 &#8211; tel. 069<br \/>\n76 68 08<\/h2>\n<\/div>\n<div class=\"csColumnGap\" style=\"margin: 0px; padding: 0px; float: left; width: 1.56%; text-align: justify;\"><img decoding=\"async\" style=\"border: none;\" src=\"http:\/\/orcq.be\/histoire\/wp-content\/plugins\/advanced-wp-columns\/assets\/js\/plugins\/views\/img\/1x1-pixel.png\" \/><\/div>\n<div style=\"clear: both; float: none; display: block; visibility: hidden; width: 0px; font-size: 0px; line-height: 0; text-align: justify;\"><\/div>\n<\/div>\n<p style=\"text-align: justify;\"><strong>Pr\u00e9face<\/strong><\/p>\n<p style=\"text-align: justify;\">En 1933 Xavier Toulemonde patron de l&rsquo;entreprise fran\u00e7aise de vente par correspondance \u00ab\u00a0Les Trois Suisses\u00a0\u00bb demande \u00e0 Jean Landrieux, form\u00e9 comme lui \u00e0 l&rsquo;\u00e9cole de commerce de Lille, de lancer ce concept nouveau en Belgique. L&rsquo;entreprise s&rsquo;installe d&rsquo;abord \u00e0 Dottignies et le premier membre du personnel engag\u00e9 est Germaine Decloedt qui n&rsquo;est autre que ma m\u00e8re. Mon p\u00e8re la rejoint entre-temps chez le m\u00eame employeur. Apr\u00e8s un passage par \u00a0Tournai, \u00ab\u00a0Les Trois Suisse\u00a0\u00bb s&rsquo;installent en 1955 \u00e0 Orcq. C&rsquo;est ainsi qu&rsquo;en 1956, mes parents ach\u00e8tent un terrain \u00e0 b\u00e2tir au chemin 23 (actuellement rue Victor Crombez) et y emm\u00e9nagent avec moi en f\u00e9vrier 1957. J&rsquo;avais 11 ans.<\/p>\n<p style=\"text-align: justify;\">J&rsquo;\u00e9tais en cinqui\u00e8me primaire \u00e0 l&rsquo;\u00e9cole des fr\u00e8res et empruntais le bus de la ligne 4 Hertain &#8211; Baisieux pour faire la navette Orcq &#8211; Tournai. D\u00e8s notre arriv\u00e9e au village j&rsquo;avais \u00e9t\u00e9 inscrit au cat\u00e9chisme pr\u00e9paratoire \u00a0\u00e0 la communion solennelle pr\u00e9vue pour le mois de mai. Cette pr\u00e9paration se d\u00e9roulait au rythme d&rsquo;une fois par semaine apr\u00e8s l&rsquo;\u00e9cole. Pour aller \u00e0 la premi\u00e8re s\u00e9ance, je me souviens encore avec pr\u00e9cision \u00eatre descendu du bus \u00e0 l&rsquo;arr\u00eat de la bascule (actuellement restaurant \u00ab\u00a0La Rose des Sables\u00a0\u00bb) ainsi d\u00e9nomm\u00e9 parce qu&rsquo;on pouvait y peser des camions. Le village \u00e9tait couvert d&rsquo;une \u00e9paisse couche de neige et le ciel plomb\u00e9 permettait d&rsquo;esp\u00e9rer de futures chutes, car \u00e0 11 ans la neige est un cadeau. La rue de l&rsquo;\u00c9glise d\u00e9serte, la lumi\u00e8re irr\u00e9elle et les sons assourdis ont d\u00e9clench\u00e9 en moi un sentiment de paix si intense que 60 ans plus tard j&rsquo;y pense encore avec ferveur. Arriv\u00e9 \u00e0 la cure, dans la salle r\u00e9serv\u00e9e au cat\u00e9chisme j&rsquo;ai fait la connaissance de Rosita, Claudette, Maddy, Josiane, Abel, Daniel et Brigitte. L&rsquo;image de cette derni\u00e8re s&rsquo;est fix\u00e9e pour toujours dans ma m\u00e9moire: elle portait un tablier en vichy d&rsquo;une couleur interm\u00e9diaire entre le rouge l&rsquo;orange et le brun clair, attach\u00e9 par un n\u0153ud dans le dos. Ses cheveux noirs tress\u00e9s en nattes \u00e9taient accroch\u00e9s sur le haut de la t\u00eate \u00e0 la mani\u00e8re des paysannes russes. Le p\u00e8re Denis, cur\u00e9 du village, franciscain professeur au coll\u00e8ge pr\u00e8s de l&rsquo;\u00e9glise Saint-Lazare cr\u00e9ait une ambiance bon enfant \u00e0 l&rsquo;oppos\u00e9 de celle qui r\u00e9gnait en cinqui\u00e8me primaire r\u00e9gent\u00e9e par le tr\u00e8s s\u00e9v\u00e8re Aristide Jauniau chez les Fr\u00e8res \u00e0 Tournai. D\u00e8s ce tout premier contact avec Orcq, je savais que j&rsquo;allais me plaire. La concr\u00e9tisation de cet attachement \u00e0 mon village d&rsquo;adoption s&rsquo;est traduite par la cr\u00e9ation du blog \u00ab\u00a0Marottes de retrait\u00e9s\u00a0\u00bb qui fait la part belle \u00e0 l&rsquo;histoire locale et la r\u00e9daction du pr\u00e9sent ouvrage.<\/p>\n","protected":false},"excerpt":{"rendered":"<p>Nombre d&rsquo;exemplaires limit\u00e9! Vous pouvez retrouver en vente ce livre \u00e0 l&rsquo;ASBL Ensemble Vieux chemin de Lille, 36 &#8211; tel. 069 76 68 08 Pr\u00e9face En 1933 Xavier Toulemonde patron de l&rsquo;entreprise fran\u00e7aise de vente par correspondance \u00ab\u00a0Les Trois Suisses\u00a0\u00bb demande \u00e0 Jean Landrieux, form\u00e9 comme lui \u00e0 l&rsquo;\u00e9cole de commerce de Lille, de lancer [&hellip;]<\/p>\n","protected":false},"author":2,"featured_media":88,"parent":0,"menu_order":0,"comment_status":"closed","ping_status":"closed","template":"","meta":{"_monsterinsights_skip_tracking":false,"_monsterinsights_sitenote_active":false,"_monsterinsights_sitenote_note":"","_monsterinsights_sitenote_category":0,"footnotes":""},"class_list":["post-82","page","type-page","status-publish","has-post-thumbnail","czr-hentry"],"yoast_head":"<!-- This site is optimized with the Yoast SEO plugin v27.3 - https:\/\/yoast.com\/product\/yoast-seo-wordpress\/ -->\n<title>Mutations d un village 1800 2000 &#8226; ORCQ.be - L&#039;Histoire<\/title>\n<meta name=\"robots\" content=\"index, follow, max-snippet:-1, max-image-preview:large, max-video-preview:-1\" \/>\n<link rel=\"canonical\" href=\"https:\/\/orcq.be\/histoire\/mutations-d-village-1800-2000\/\" \/>\n<meta property=\"og:locale\" content=\"fr_FR\" \/>\n<meta property=\"og:type\" content=\"article\" \/>\n<meta property=\"og:title\" content=\"Mutations d un village 1800 2000 &#8226; ORCQ.be - L&#039;Histoire\" \/>\n<meta property=\"og:description\" content=\"Nombre d&rsquo;exemplaires limit\u00e9! Vous pouvez retrouver en vente ce livre \u00e0 l&rsquo;ASBL Ensemble Vieux chemin de Lille, 36 &#8211; tel. 069 76 68 08 Pr\u00e9face En 1933 Xavier Toulemonde patron de l&rsquo;entreprise fran\u00e7aise de vente par correspondance \u00ab\u00a0Les Trois Suisses\u00a0\u00bb demande \u00e0 Jean Landrieux, form\u00e9 comme lui \u00e0 l&rsquo;\u00e9cole de commerce de Lille, de lancer [&hellip;]\" \/>\n<meta property=\"og:url\" content=\"https:\/\/orcq.be\/histoire\/mutations-d-village-1800-2000\/\" \/>\n<meta property=\"og:site_name\" content=\"ORCQ.be - L&#039;Histoire\" \/>\n<meta property=\"article:publisher\" content=\"https:\/\/www.facebook.com\/villageorcq\" \/>\n<meta property=\"article:modified_time\" content=\"2020-11-04T19:29:33+00:00\" \/>\n<meta property=\"og:image\" content=\"https:\/\/orcq.be\/histoire\/wp-content\/uploads\/sites\/2\/2017\/07\/Livre-Orcq-Mutations-d-un-village-1800-2000-1.jpg\" \/>\n\t<meta property=\"og:image:width\" content=\"2016\" \/>\n\t<meta property=\"og:image:height\" content=\"2731\" \/>\n\t<meta property=\"og:image:type\" content=\"image\/jpeg\" \/>\n<meta name=\"twitter:card\" content=\"summary_large_image\" \/>\n<meta name=\"twitter:label1\" content=\"Dur\u00e9e de lecture estim\u00e9e\" \/>\n\t<meta name=\"twitter:data1\" content=\"2 minutes\" \/>\n<script type=\"application\/ld+json\" class=\"yoast-schema-graph\">{\"@context\":\"https:\\\/\\\/schema.org\",\"@graph\":[{\"@type\":\"WebPage\",\"@id\":\"https:\\\/\\\/orcq.be\\\/histoire\\\/mutations-d-village-1800-2000\\\/\",\"url\":\"https:\\\/\\\/orcq.be\\\/histoire\\\/mutations-d-village-1800-2000\\\/\",\"name\":\"Mutations d un village 1800 2000 &#8226; ORCQ.be - L&#039;Histoire\",\"isPartOf\":{\"@id\":\"https:\\\/\\\/orcq.be\\\/histoire\\\/#website\"},\"primaryImageOfPage\":{\"@id\":\"https:\\\/\\\/orcq.be\\\/histoire\\\/mutations-d-village-1800-2000\\\/#primaryimage\"},\"image\":{\"@id\":\"https:\\\/\\\/orcq.be\\\/histoire\\\/mutations-d-village-1800-2000\\\/#primaryimage\"},\"thumbnailUrl\":\"https:\\\/\\\/orcq.be\\\/histoire\\\/wp-content\\\/uploads\\\/sites\\\/2\\\/2017\\\/07\\\/Livre-Orcq-Mutations-d-un-village-1800-2000-1.jpg\",\"datePublished\":\"2017-07-09T19:22:25+00:00\",\"dateModified\":\"2020-11-04T19:29:33+00:00\",\"breadcrumb\":{\"@id\":\"https:\\\/\\\/orcq.be\\\/histoire\\\/mutations-d-village-1800-2000\\\/#breadcrumb\"},\"inLanguage\":\"fr-FR\",\"potentialAction\":[{\"@type\":\"ReadAction\",\"target\":[\"https:\\\/\\\/orcq.be\\\/histoire\\\/mutations-d-village-1800-2000\\\/\"]}]},{\"@type\":\"ImageObject\",\"inLanguage\":\"fr-FR\",\"@id\":\"https:\\\/\\\/orcq.be\\\/histoire\\\/mutations-d-village-1800-2000\\\/#primaryimage\",\"url\":\"https:\\\/\\\/orcq.be\\\/histoire\\\/wp-content\\\/uploads\\\/sites\\\/2\\\/2017\\\/07\\\/Livre-Orcq-Mutations-d-un-village-1800-2000-1.jpg\",\"contentUrl\":\"https:\\\/\\\/orcq.be\\\/histoire\\\/wp-content\\\/uploads\\\/sites\\\/2\\\/2017\\\/07\\\/Livre-Orcq-Mutations-d-un-village-1800-2000-1.jpg\",\"width\":2016,\"height\":2731,\"caption\":\"Mutations d un village 1800 2000\"},{\"@type\":\"BreadcrumbList\",\"@id\":\"https:\\\/\\\/orcq.be\\\/histoire\\\/mutations-d-village-1800-2000\\\/#breadcrumb\",\"itemListElement\":[{\"@type\":\"ListItem\",\"position\":1,\"name\":\"Accueil\",\"item\":\"https:\\\/\\\/orcq.be\\\/histoire\\\/\"},{\"@type\":\"ListItem\",\"position\":2,\"name\":\"Mutations d un village 1800 2000\"}]},{\"@type\":\"WebSite\",\"@id\":\"https:\\\/\\\/orcq.be\\\/histoire\\\/#website\",\"url\":\"https:\\\/\\\/orcq.be\\\/histoire\\\/\",\"name\":\"ORCQ.be - L&#039;Histoire\",\"description\":\"Histoire de Orcq\",\"potentialAction\":[{\"@type\":\"SearchAction\",\"target\":{\"@type\":\"EntryPoint\",\"urlTemplate\":\"https:\\\/\\\/orcq.be\\\/histoire\\\/?s={search_term_string}\"},\"query-input\":{\"@type\":\"PropertyValueSpecification\",\"valueRequired\":true,\"valueName\":\"search_term_string\"}}],\"inLanguage\":\"fr-FR\"}]}<\/script>\n<!-- \/ Yoast SEO plugin. -->","yoast_head_json":{"title":"Mutations d un village 1800 2000 &#8226; ORCQ.be - L&#039;Histoire","robots":{"index":"index","follow":"follow","max-snippet":"max-snippet:-1","max-image-preview":"max-image-preview:large","max-video-preview":"max-video-preview:-1"},"canonical":"https:\/\/orcq.be\/histoire\/mutations-d-village-1800-2000\/","og_locale":"fr_FR","og_type":"article","og_title":"Mutations d un village 1800 2000 &#8226; ORCQ.be - L&#039;Histoire","og_description":"Nombre d&rsquo;exemplaires limit\u00e9! Vous pouvez retrouver en vente ce livre \u00e0 l&rsquo;ASBL Ensemble Vieux chemin de Lille, 36 &#8211; tel. 069 76 68 08 Pr\u00e9face En 1933 Xavier Toulemonde patron de l&rsquo;entreprise fran\u00e7aise de vente par correspondance \u00ab\u00a0Les Trois Suisses\u00a0\u00bb demande \u00e0 Jean Landrieux, form\u00e9 comme lui \u00e0 l&rsquo;\u00e9cole de commerce de Lille, de lancer [&hellip;]","og_url":"https:\/\/orcq.be\/histoire\/mutations-d-village-1800-2000\/","og_site_name":"ORCQ.be - L&#039;Histoire","article_publisher":"https:\/\/www.facebook.com\/villageorcq","article_modified_time":"2020-11-04T19:29:33+00:00","og_image":[{"width":2016,"height":2731,"url":"https:\/\/orcq.be\/histoire\/wp-content\/uploads\/sites\/2\/2017\/07\/Livre-Orcq-Mutations-d-un-village-1800-2000-1.jpg","type":"image\/jpeg"}],"twitter_card":"summary_large_image","twitter_misc":{"Dur\u00e9e de lecture estim\u00e9e":"2 minutes"},"schema":{"@context":"https:\/\/schema.org","@graph":[{"@type":"WebPage","@id":"https:\/\/orcq.be\/histoire\/mutations-d-village-1800-2000\/","url":"https:\/\/orcq.be\/histoire\/mutations-d-village-1800-2000\/","name":"Mutations d un village 1800 2000 &#8226; ORCQ.be - L&#039;Histoire","isPartOf":{"@id":"https:\/\/orcq.be\/histoire\/#website"},"primaryImageOfPage":{"@id":"https:\/\/orcq.be\/histoire\/mutations-d-village-1800-2000\/#primaryimage"},"image":{"@id":"https:\/\/orcq.be\/histoire\/mutations-d-village-1800-2000\/#primaryimage"},"thumbnailUrl":"https:\/\/orcq.be\/histoire\/wp-content\/uploads\/sites\/2\/2017\/07\/Livre-Orcq-Mutations-d-un-village-1800-2000-1.jpg","datePublished":"2017-07-09T19:22:25+00:00","dateModified":"2020-11-04T19:29:33+00:00","breadcrumb":{"@id":"https:\/\/orcq.be\/histoire\/mutations-d-village-1800-2000\/#breadcrumb"},"inLanguage":"fr-FR","potentialAction":[{"@type":"ReadAction","target":["https:\/\/orcq.be\/histoire\/mutations-d-village-1800-2000\/"]}]},{"@type":"ImageObject","inLanguage":"fr-FR","@id":"https:\/\/orcq.be\/histoire\/mutations-d-village-1800-2000\/#primaryimage","url":"https:\/\/orcq.be\/histoire\/wp-content\/uploads\/sites\/2\/2017\/07\/Livre-Orcq-Mutations-d-un-village-1800-2000-1.jpg","contentUrl":"https:\/\/orcq.be\/histoire\/wp-content\/uploads\/sites\/2\/2017\/07\/Livre-Orcq-Mutations-d-un-village-1800-2000-1.jpg","width":2016,"height":2731,"caption":"Mutations d un village 1800 2000"},{"@type":"BreadcrumbList","@id":"https:\/\/orcq.be\/histoire\/mutations-d-village-1800-2000\/#breadcrumb","itemListElement":[{"@type":"ListItem","position":1,"name":"Accueil","item":"https:\/\/orcq.be\/histoire\/"},{"@type":"ListItem","position":2,"name":"Mutations d un village 1800 2000"}]},{"@type":"WebSite","@id":"https:\/\/orcq.be\/histoire\/#website","url":"https:\/\/orcq.be\/histoire\/","name":"ORCQ.be - L&#039;Histoire","description":"Histoire de Orcq","potentialAction":[{"@type":"SearchAction","target":{"@type":"EntryPoint","urlTemplate":"https:\/\/orcq.be\/histoire\/?s={search_term_string}"},"query-input":{"@type":"PropertyValueSpecification","valueRequired":true,"valueName":"search_term_string"}}],"inLanguage":"fr-FR"}]}},"_links":{"self":[{"href":"https:\/\/orcq.be\/histoire\/wp-json\/wp\/v2\/pages\/82","targetHints":{"allow":["GET"]}}],"collection":[{"href":"https:\/\/orcq.be\/histoire\/wp-json\/wp\/v2\/pages"}],"about":[{"href":"https:\/\/orcq.be\/histoire\/wp-json\/wp\/v2\/types\/page"}],"author":[{"embeddable":true,"href":"https:\/\/orcq.be\/histoire\/wp-json\/wp\/v2\/users\/2"}],"replies":[{"embeddable":true,"href":"https:\/\/orcq.be\/histoire\/wp-json\/wp\/v2\/comments?post=82"}],"version-history":[{"count":8,"href":"https:\/\/orcq.be\/histoire\/wp-json\/wp\/v2\/pages\/82\/revisions"}],"predecessor-version":[{"id":805,"href":"https:\/\/orcq.be\/histoire\/wp-json\/wp\/v2\/pages\/82\/revisions\/805"}],"wp:featuredmedia":[{"embeddable":true,"href":"https:\/\/orcq.be\/histoire\/wp-json\/wp\/v2\/media\/88"}],"wp:attachment":[{"href":"https:\/\/orcq.be\/histoire\/wp-json\/wp\/v2\/media?parent=82"}],"curies":[{"name":"wp","href":"https:\/\/api.w.org\/{rel}","templated":true}]}}